igit of s?
1
Suppose p - 10 = -4*p. Suppose -p*w + 4 + 76 = 0. What is the tens digit of w?
4
Let p = -15 - -18. Suppose -3*w + 305 = 5*u, 0 = -3*u - p*w + 70 + 113. What is the tens digit of u?
6
Suppose 5*t = -0*m - 3*m + 2130, 2*t = 5*m - 3550. Suppose -4*y - 3*j = -569, 0 = 5*y + 3*j + 2*j - m. What is the tens digit of y?
4
Let o(i) = -i**3 + 10*i**2 + 8*i - 5. Let q be o(5). Suppose -4*j + m = -128, q = 5*j - m - 4*m. What is the units digit of j/176 + (-75)/(-11)?
7
Let i(c) = -729*c**3 + 6*c**2 + 3*c - 3. What is the hundreds digit of i(-1)?
7
Suppose i = 10 + 14. Suppose 0*u + i = 3*u. Let y = -3 + u. What is the units digit of y?
5
Suppose -x - 7 = -35. Suppose 0 = -t + 4*y - 19, 2*t - 2*y + 38 = -0*y. Let g = x + t. What is the units digit of g?
9
Suppose -i = -h - 3*h - 35, 4*h = 5*i - 47. Let u(p) = 9*p - 7. Let x be u(h). Let t = -46 - x. What is the units digit of t?
3
Let k(q) = -8*q - 1. Let y(r) = -r**2 + 6*r + 5. Let g(d) = -d**2 + 10*d - 14. Let t be g(7). Let z be y(t). What is the units digit of k(z)?
5
Let g(m) = 3*m - 17. Let b be g(6). Let j be b/2 - 378/36. Let z(s) = s**3 + 10*s**2 - 5*s. What is the tens digit of z(j)?
5
Let v(g) = -11*g**3 + 3*g**2 + g - 1. Let s be v(-1). Suppose -3*p = y - 10, -2*y + y + s = 4*p. What is the units digit of 2/((-432)/(-212) - p)?
3
Let f be 2/1 + 1 + -1. Suppose 2*k - v - 3 = 0, 19*k + 2*v + 6 = 18*k. Suppose -2*i + f = -k. What is the units digit of i?
1
Let d be ((-89)/(-1))/(-1)*(-65 + 64). Let a = -43 + d. What is the units digit of a?
6
Let y(m) = 18*m + 71*m - 5 + 2. What is the hundreds digit of y(2)?
1
Let t(a) = -5*a**3 - 2*a**2 + 1. Let y be t(-1). Suppose o - 3*g - 33 = -8*g, 2*o + y*g = 78. What is the units digit of o?
3
What is the hundreds digit of ((-8708)/35)/(12/(-30))?
6
Suppose 0 = -y - 4*x - 2 - 1, -39 = -5*y - 2*x. Suppose -y*m = -m - 1016. What is the hundreds digit of m?
1
Suppose 4*s = s - 240. Let f(d) = 12*d - 8. Let r be f(6). What is the units digit of (r/s)/((-1)/30)?
4
Suppose -2*y - y = 2*n - 2799, 0 = -2*y + 4*n + 1882. Suppose -10*c + y = 195. What is the units digit of c?
4
Suppose 0 = 3*p - 2*o + 317 - 3813, -5*o - 1148 = -p. What is the tens digit of p?
6
Let o be 27 - 2*(-8)/(-4). Let c(i) = i**2 - 19*i + 14. What is the units digit of c(o)?
6
Let o = 149 + -144. Suppose 0 = 3*y - 15, 3*f - 5*f + 4*y = 14. Suppose f*b = 3*n - 21, -3*n + b - o*b = 14. What is the units digit of n?
2
What is the tens digit of (-3273)/(-4) + (-17)/(340/(-15))?
1
Let m = -5156 + 7583. What is the tens digit of m?
2
Let d be (-111)/(-21) - 8/28. Let u(h) = h**3 - 3*h**2 - 9*h - 2. What is the units digit of u(d)?
3
Let j be 0 - (13 + -4 + -2). Let r = j + 9. Let o = 1 + r. What is the units digit of o?
3
Let a = 571 - 391. What is the tens digit of a?
8
Let k(z) = 5*z**2 + 39*z - 140. What is the units digit of k(10)?
0
Let a = -515 + 930. What is the units digit of a?
5
Let d = 6955 - 4119. What is the tens digit of d?
3
Suppose 1809*k - 1160 = 1808*k. What is the tens digit of k?
6
Suppose 0 = -8*s - 5*s + 520. Let q = 55 - s. What is the tens digit of q?
1
What is the thousands digit of 8*(1*6)/((-8)/(-278))?
1
Suppose p - 77 = -3*g, -3*g + 2*p = 6*p - 92. Let l = 197 - 190. Suppose -l*v + g = -3*v. What is the units digit of v?
6
Suppose -15*s + 15607 + 17573 = 0. What is the hundreds digit of s?
2
Let x(d) = d**3 + 13*d**2 + 7*d + 16. Let p be x(-13). Let l = 7 - p. What is the units digit of l?
2
Let n = 2093 - 1209. Suppose -5*f + n - 109 = 0. What is the hundreds digit of f?
1
Let v be (836/6 - 1) + 1/(-3). Suppose 13*o = 5 + v. What is the tens digit of o?
1
What is the units digit of (27 + -29)*(-3 + -299)?
4
Let c = 4 + 1. Suppose 0 = 5*x - 3*z - 303, -4*x - c*z + 238 = -3*z. Suppose -9*r = -6*r - x. What is the tens digit of r?
2
Let t(i) = i + 12. Let k be t(6). What is the tens digit of (-12)/(-54) - (-1274)/k?
7
Suppose -4*c + 8 = -3*c - 3*h, 0 = -2*c + 4*h + 10. Let n be -2 - (240/3 - c). Let t = -39 - n. What is the tens digit of t?
4
Let w be (0/(-2))/(5 - 7) + 22. Suppose -2*f = 5*q + 76, -q = -4*q - 4*f - 40. Let y = w + q. What is the units digit of y?
6
Suppose -79*u - 15912 = -517641. What is the units digit of u?
1
Let h = 74 - 71. Suppose -h*f + 5*y = -37, 3*f = -y - 4*y - 13. What is the units digit of f?
4
Suppose 36*y - 20*y = 29232. What is the units digit of y?
7
Let p = -115 + 109. Let r = 56 - p. What is the tens digit of r?
6
Let n(v) = -4*v**3 - v + 4. What is the tens digit of n(-3)?
1
Let t = 1539 - 914. Suppose -2*o - 4 + 0 = 0, 5*o - 50 = -4*u. What is the units digit of t/u - 4/(-3)?
3
Suppose 40 = 6*u - 50. Let k(f) = 3*f**2 + 2*f + 2. Let p be k(-2). Let r = u - p. What is the units digit of r?
5
Suppose 0 = -5*s + 89 + 26. Let c = -19 + s. Suppose 4*m - 20 = -m, -5*r + c*m + 74 = 0. What is the units digit of r?
8
Suppose 0 = 3*c - 4*a - a - 978, 3*c + a - 978 = 0. What is the tens digit of c?
2
Let u = 209 + -98. What is the hundreds digit of u?
1
Suppose -306729 = -35*y - 88784. What is the thousands digit of y?
6
Let l(d) be the third derivative of -d**6/120 - 2*d**5/15 - d**4/3 + 7*d**3/3 - 2*d**2. What is the tens digit of l(-7)?
2
What is the units digit of 19/((-38)/4) + 1*123?
1
What is the tens digit of (-16)/2 - -20 - -422?
3
Suppose 2*u + 4*h - 6 = 0, 0*h - 4*h = 4. Let l(f) = 5*f**2 + 10*f + 1. What is the tens digit of l(u)?
7
Let a = -215 - -1192. What is the hundreds digit of a?
9
Suppose 2*a + 3*a = 0. Let o = 14 + -9. Suppose 0 = 2*p + 4*n - a*n - 22, -o*p = 4*n - 79. What is the units digit of p?
9
Let n = 343 - 191. Let r be n/(-36) - (-6)/27. What is the tens digit of 11/(r - -1 - -4)?
1
What is the hundreds digit of 3984/4 - (-32)/(-4)?
9
Let z = -2109 - -4181. What is the thousands digit of z?
2
What is the hundreds digit of (8 - 4) + (-13)/((-39)/2268)?
7
Let o = 4 + -7. Let t be (-2 - -2)/(o/1). Suppose -3*q + 38 + 13 = t. What is the units digit of q?
7
Suppose -101 = 8*x - 29. Let p = 2 + 34. What is the units digit of x/p + (-74)/(-8)?
9
Let f = 33 + -16. Let o be -1*(10/5 - 5). What is the tens digit of (o - f/4)*-40?
5
Let j(p) = 5*p + 4. Suppose -c - 2*c = -9. Suppose -1 - c = 4*s, 3*q + 4*s - 8 = 0. What is the units digit of j(q)?
4
Let p(h) = 73*h + 588. What is the units digit of p(-7)?
7
Let n = -15 - -28. Let v = 2 - n. Let u = v - -14. What is the units digit of u?
3
Let t = 1 + 18. Let a = t - 19. What is the tens digit of (-1 + 0)*(-30 - a)?
3
Let n be (-62)/(1 + 3/3). Let p(d) = -d**2 - 32*d + 38. What is the units digit of p(n)?
9
Suppose 66*u = 67*u - 295. What is the units digit of u?
5
Suppose -2*a = -3 - 1. Let p(q) = 20*q - 100. Let z be p(8). Suppose -a*r = -2 - z. What is the tens digit of r?
3
Suppose 6*c + 9 = 87. What is the tens digit of c?
1
Suppose -2614 = -3*g + 2*k, k - 1948 = -3*g + 669. What is the units digit of g?
2
Let t = 63 - 58. Suppose -3*m + 60 = -t*n + 2*n, -m - 2*n = -29. What is the tens digit of m?
2
Let m = -2 + 3. Let f be m/(-8) + 30/(-16). What is the tens digit of f/(-4)*66/1?
3
Let m = 2 - -36. Let k = m + 26. What is the units digit of k?
4
Suppose -8*t + 1110 = -14*t. Let j = t + 333. What is the units digit of j?
8
Let o be (-80)/6 + (-4)/6. Let h = 11 + o. What is the tens digit of 23 + (-6 - h - -3)?
2
Suppose -2*o + 4 = 4*y, 10 = 5*o - y - 3*y. Suppose o = -a, 55 = w + a - 4. What is the tens digit of w?
6
Let q be (4 + -1 - 1)*6. Let d = 20 - q. What is the units digit of ((-6)/d)/(4/(-32))?
6
Let g = -508 - -94. What is the tens digit of 7/((-21)/g) - 0?
3
Let y = 522 - -15. What is the hundreds digit of y?
5
Let h(g) = 12*g**2 + 2*g + 34. What is the tens digit of h(6)?
7
Let x = -59 - -65. What is the units digit of 441/x + (-18)/12?
2
Suppose -21*b = -13*b - 8392. What is the thousands digit of b?
1
Suppose 0 = -5*i + 2*x + 14, -2*i + 3*i + 5*x = -8. Suppose 360 = 6*b - i*b. What is the tens digit of b?
9
Let n be -30*(3 - (-70)/(-15)). Let d = 87 - n. What is the tens digit of d?
3
Let a(k) = 2*k**2 - 2*k + 5. Suppose 36 = -0*j + 4*j. Let c(q) = q**3 - 10*q**2 + 9*q + 4. Let b be c(j). What is the units digit of a(b)?
9
Let j(c) = 2*c**2 + 14*c + 132. What is the thousands digit of j(22)?
1
Let u(c) = -c + 56. Let a be u(0). Let w b